value of -18 + 6 + (47 - 31)?
4
What is (6 - 8) + (-8 - -23) + -2 + -4?
7
What is 44 - (-12 + -11 + 10 + 19)?
38
Calculate (-6 - (2 + -8) - -6) + -11.
-5
What is 6 + (-8 + 4 - 9) + -10?
-17
What is the value of 8 + 11 + 8 + -20 + -8?
-1
What is 0 + -12 + 9 - 6?
-9
What is the value of -5 - 3 - ((0 - 2) + -2 + 2)?
-6
What is -91 - -64 - (-18 + -3)?
-6
6 + (8 + 1 - (28 + -6))
-7
What is the value of (2 - -1 - (19 + -30) - 1) + -3?
10
(19 - 27) + -1 + (0 - -15)
6
What is -5 + -2 + 7 + -2?
-2
(10 + -15 - (8 + -1)) + (8 - 1)
-5
17 + -4 + -1 + -1 + 6
17
1204 + -1183 - (9 + 0 + -2)
14
-1 - (0 - 0) - (-31 + 72 + -42)
0
What is the value of -39 - (-4 + -8 + -3 + 0)?
-24
Evaluate -7 - -4 - (-6 + (2 - 1 - 7)).
9
-46 - -79 - (21 + -1)
13
Calculate 0 - (6 + 15 + -35).
14
1 - 0 - (-16 + 7 - -5 - -12)
-7
-21 + 0 + -1 + 22
0
Calculate -6 + 6 + (2 + 1 - 13) + 4.
-6
Evaluate 16 + -20 - 3 - (1 + -1 + 2).
-9
What is the value of 7 + -5 - (8 - (-4 - -8) - 1)?
-1
What is the value of (-1 - 0 - 10) + (-16 - (18 - 32))?
-13
(1 - -5 - 1) + -6 + (10 - -1)
10
What is the value of 9 - -1 - (-38 + (34 - 5))?
19
What is -1 + 0 + -2 - (17 - (2 - -13))?
-5
Evaluate -4 - (-36 + -12 + 29).
15
Evaluate -2 - -6 - (3 + (1 - 5)) - -5.
10
What is (0 - -4) + (-1 - 1) - (-28 - -29)?
1
-11 + (15 - 8) - (-15 + (0 - 3))
14
-11 + (-8 + 0 - -16) - (2 + 22)
-27
(-38 - -43) + (-2 - 3) + -3 + 43
40
Calculate -17 + 9 - (12 + -15).
-5
Evaluate 54 - (13 + 13) - (-1 - (3 + -4)).
28
What is 17 + -17 + -2 + -10?
-12
What is (30 - (58 - 13)) + 31 + 2?
18
Calculate (0 - 5) + -13 + (13 - 10).
-15
Evaluate (440 - 428) + 0 + (-4 - -2).
10
Evaluate (-1 - 25) + (9 + -2 - (-326 - -340)).
-33
Calculate 1 + -6 + 0 + 2 + (-2 - 1).
-6
Calculate 7 - (-2 - 6 - -13) - (1 - 8).
9
What is the value of 6 + (7 + 0 - 0)?
13
Evaluate (0 - -14) + -19 - (7 - (-4 - -9)).
-7
What is 22 + -31 + 15 + (0 - -1)?
7
Calculate 16 + (33 - 13) - 18.
18
-1 - -5 - (-213 - -223)
-6
Calculate 29 - (-5 + 16) - (-14 - -6).
26
3 + (-9 - (-6 - 0)) + 0 - 10
-10
What is the value of 21 + -19 + -2 + 14?
14
What is (-35 - -18) + 15 - (2 - (-4 + 13))?
5
Calculate -22 + (52 - 29) + 4.
5
What is 3 - -1 - (3 + -5) - (22 + 0)?
-16
Calculate 22 + (-81 - -20) - -34.
-5
Calculate -28 + 35 + (3 - -1) + 12.
23
What is the value of 17 + -24 + 14 + -22?
-15
-9 - (-8 - (9 - 26) - 8)
-10
What is the value of 23 - 28 - (5 + 2) - 13?
-25
What is 3 + (24 - 16) + -31?
-20
(14 - -1) + (-21 - -12)
6
What is the value of 2 + -10 + 10 + -11 - (18 - 0)?
-27
16 + -21 + 7 + 4 - 21
-15
Calculate 2 - 15 - (8 + 0 - (19 + -11)).
-13
What is -4 + 24 + -10 + 3 + 5 + -6?
12
What is the value of (3 - (-33 - 8)) + -22?
22
Calculate -1 + (3 - -3 - 0) + -8.
-3
Calculate -68 + 20 + (-2 - -41).
-9
Evaluate 2 - (18 + -7 - 32).
23
What is 17 - ((12 - 14) + 5)?
14
What is the value of 18 - (-13 + (5 - (17 + -20)))?
23
What is the value of -5 - -24 - (-4 + (0 - -13))?
10
What is -7 - -9 - (-7 - (11 + -4))?
16
Calculate (2 - -17) + -110 + 104 - 16.
-3
34 + (-10 - (-22 + 16) - -3)
33
Calculate 1086 + -1082 + 4 + (-1 - (-2 - 1)).
10
What is the value of (-6 + -21 - -18) + 13 + 0?
4
Evaluate (6 + -8 + 10 - 19 - -6) + -1.
-6
Evaluate 7 + -8 + 17 + 2 + (-2 - 0).
16
Evaluate (18 + 0 - 0) + -39.
-21
Calculate 3 - ((0 - 1) + -16 - (267 + -265)).
22
What is (-4 - 1) + -3 - -16 - 4?
4
Evaluate -1 + (-43 + 17 - -22).
-5
Calculate (1 - -5) + (-27 - -25) - (12 - 12).
4
Evaluate (51 + -45 - (-5 - 1)) + -7 + 1.
6
What is 2 + 1 + 1 + (466 - 469) + -20?
-19
-6 + (-10 - 1 - (53 - 68))
-2
What is -3 + -10 + (-20 - -25)?
-8
(-21 - -12) + -1 + 7
-3
What is 106 + -104 - (-5 + -3)?
10
Evaluate -23 - 24 - (-10 - (-12 + 18)).
-31
Calculate -1 + (40 - 24 - (0 + -4 + 6)).
13
What is (-3 - (-20 - -1)) + 1?
17
What is the value of 6 + -9 + 0 + (-10 - (4 + -8))?
-9
What is the value of -3 - ((2 + 3 - 3) + -2 - -6)?
-9
(8 - 14) + 2 + (-3 - -8) + 11
12
Calculate 9 - (-8 - (-2 + -13)) - (1 - 13).
14
Evaluate 18 + -7 + (3 - 6) + -20.
-12
Calculate 1 + -1 + (14 - -17 - 52).
-21
Evaluate -143 + 131 + 1 + 0 + 2.
-9
Calculate -1 + (-5 - 0) - (-58 - -40 - -16).
-4
Evaluate -9 + 2 - (-9 + -2 + 6 + 14).
-16
What is the value of -27 + 45 - -8 - 35?
-9
What is (-7 - -8) + 5 + (-11 - 4) + 6?
-3
Calculate (8 - 10) + -10 - -7 - (5 - 0).
-10
Calculate 2 + 7 + 0 - (-134 + 152).
-9
Calculate 7 + -1 + 1 + (-86 - -92).
13
What is the value of (6 + -5 - 6 - -1) + 6?
2
Evaluate 7 + 1 + -5 + (2 - 3) - -13.
15
What is the value of (35 - 8) + (-10 - 2)?
15
What is -2 + 14 + (-25 - -26) + 4?
17
What is the value of 9 + -3 + 1 - (-5 - -13 - -4)?
-5
-8 + (8 - 3 - 0) - 6
-9
Evaluate -7 + (5 - (6 + 3 + -8)).
-3
(-13 - -2) + -1 - (1 - 4)
-9
Evaluate (-4 - 0) + (-11 + 15 + -5 - -1).
-4
What is 12 - (-14 + -3 + 24)?
5
-6 - -22 - (5 - 2)
13
Evaluate 8 - 1 - (23 - 27 - -28).
-17
-17 + (-4 - (-4 + -2)) + (-4 - -2)
-17
Calculate (-43 - (-9 - 68)) + (0 - 9).
25
Evaluate -9 + 8 + 2 + -1 + 6 + 0.
6
14 + (6 + -1 + -5 - 6) + 3
11
What is the value of 56 + -59 + -5 + 25?
17
What is 0 + (-14 - -8) - (-1 + -2 - -1)?
-4
(-2 - -2) + (49 - 35 - 8)
6
-29 + 0 - (264 + -281)
-12
(-2 - 4 - 3) + 2 + (3 - 0)
-4
Calculate 5 - ((-121 - -146) + -1 + 3 + 7).
-29
Evaluate -11 - -2 - (-13 + -4 + 3 - 1).
6
What is (24 - -21) + -48 - 28?
-31
(-6 - (17 - 11)) + 2 + 0 - 4
-14
What is the value of -114 + 100 + (-5 - 2)?
-21
What is 28 + -59 - -19 - (-12 + (0 - -2))?
-2
What is -3 + -10 + (-10 - (4 + -3) - -7)?
-17
(-2 - (9 - 2)) + (121 - 119)
-7
What is the value of 2 - -2 - (-33 + (17 - (4 + -1)))?
23
What is the value of -16 - (-6 - (-7 - -8))?
-9
What is the value of 5 + -1 - (-70 + 68)?
6
What is the value of 0 + -10 + 5 - (13 + (-27 - -2))?
7
What is the value of -12 - 1 - (8 + -29 - -13) - -10?
5
Calculate -20 - (-6 + 13 + -36).
9
What is -10 + 0 + -267 + 278?
1
Evaluate -496 + 495 - (-1 - 0).
0
What is -5 + (-3 - (10 + -5))?
-13
16 + -1 + 4 + -8 + 0 + 1
12
Evaluate -6 + -26 + 20 + (21 - 1).
8
Evaluate 1 - 5 - (9 + 0 - (260 - 228)).
19
-1 + 11 + (-33 - (-2 + -25))
4
What is the value of -6 + 0 + -6 + 4 + (5 - -3)?
0
(-42 - -54) + (-3 - -2) + -7
4
Calculate (4 - 3) + 1 + -17 - (1978 + -1982).
-11
Calculate -8 - (-7 - -11 - (-1 - 3)).
-16
(32 - 31) + 15 - 33
-17
What is 9 + (19 + -36 - -13)?
5
What is (3 + -19 - -1) + 27?
12
Calculate (-2 - -15) + -13 + 18 + -2.
16
What is the value of 1 + -6 - (12 - (-2 - 6 - -17))?
-8
Evaluate 7 + -35 + (12 - 19 - -10).
-25
Calculate 1 - (7 - (1 - (3 + -13))) - -14.
19
What is (9 - (-36 + 42)) + -41?
-38
Evaluate (-8 - -20) + (-2 + 7 - 9) + -1.
7
What is the value of -5 + (24 - 10) + -4?
5
What is -2 - (-2 + 0 - -7 - (26 - 18))?
1
Evaluate -14 + (2 - -12) + -14 - 0.
-14
Calculate -124 + 125 - (6 - -8).
-13
Evaluate (5 - 4 - -14) + -7 + -21.
-13
What is 15 + (-20 - 2) + 8?
1
Calculate -19 + (5 - (5 + -6 + -1)) - -10.
-2
-4 + 7 + -2 - (2 - -4)
-5
What is the value of (3 - -2) + 444 + -462?
-13
-9 + 13 + -11 + 10
3
-5 - ((6 - (0 - -2 - -2)) + 0)
-7
Calculate -1 + -4 + -5 + (-2 + 0 - -6).
-6
What is 157 + -171 + (9 - 1)?
-6
Evaluate -18 + -6 - -19 - (0 - 1 - 12).
8
(-12 - 11) + 11 - -16
4
-4 + -6 + 1 + (20 - (-21 + 21))
11
-1 + 2 + -1 - (369 - 369)
0
What is (-18 - -83) + -30 + -2?
33
What is the value of (11 - 9) + (-6 - -2)?
-2
Calculate 1 + -2 + -2 + (-27 - -36) - 4.
2
(47 + 34 - 43) + (-12 - -1)
27
(37 - (52 + -18)) + (-2 - -4)
5
58 + -82 - (-25 - 7)
8
What is the value of 3 - (21 + -7) - -17?
6
(-12 - 1) + (37 - 11 - 29)
-16
What is the value of -1 + 12 + -24 + 13 + -3?
-3
Evaluate 0 + 21 + -28 - (0 + -3).
-4
What is the value of -16 + 0 + 2 + 2?
-12
(-5 - 1) + 14 + -8 + 1
1
Calculate 0 - (-1 + 3 + -8 - 9).
15
Calculate 0 - -4 - (10 - (19 + 0)).
13
What is 1 + (11 + -2 - 24 - -6)?
-8
Calculate -10 + -1 + (-2 - -12 - (-6 - -13)).
-8
What is 171 - 189 - (-10 + 1 - -1)?
-10
What is -8 - ((5 + -5 - 11) + 2)?
1
What is the value of -14 + -2 + 0 - 15 - -6?
-25
10 - 7 - (5 + -21)
19
What is -14 - (-2 + -7) - 1?
-6
What is (-10 - -12) + (0 - 1) - (-21 - -48)?
-26
Evaluate (527 - 597) + 39 + -1.
-32
What is the value of 0 + (-11 - -17) + -3 + 2 + -9?
-4
Evaluate 4 + (-8 - (8 - 14)).
2
-19 - (5 + -8) - -5
-11
What is (-7 - -5) + (1 - (8 + 0))?
-9
What is -3 - ((16 - 18) + 13) - (-2 + -5)?
-7
Evaluate 1 + 10 - (280 - 279).
10
Calculate 38 - 51 